{"id":184,"date":"2024-01-03T05:43:08","date_gmt":"2024-01-03T04:43:08","guid":{"rendered":"https:\/\/markimedia.fr\/?page_id=184"},"modified":"2024-01-03T05:53:36","modified_gmt":"2024-01-03T04:53:36","slug":"a-propos","status":"publish","type":"page","link":"https:\/\/markimedia.fr\/index.php\/a-propos\/","title":{"rendered":"A Propos"},"content":{"rendered":"\n<h3 class=\"wp-block-heading\" id=\"wnd_TextBlock_451619035_inner_0\">Marki M\u00e9dia, votre partenaire visuel<\/h3>\n\n\n\n<p id=\"wnd_TextBlock_451619035_inner_1\">Marki M\u00e9dia, entreprise fond\u00e9e en 1990, est une agence de communication situ\u00e9e \u00e0 Marseille. Nous intervenons essentiellement dans la r\u00e9gion PACA mais \u00e9galement dans toute la France. Entreprise fond\u00e9e par Jean-Luc Decottignies, photographe de m\u00e9tier, elle a connu une grande \u00e9volution au cours de ces derni\u00e8res ann\u00e9es.<\/p>\n\n\n\n<p id=\"wnd_TextBlock_451619035_inner_2\">De studio photo \u00e0 agence de communication, l&rsquo;entreprise a su se renouveler.&nbsp;<\/p>\n\n\n\n<figure class=\"wp-block-image alignright size-full is-resized wp-duotone-unset-1\"><img loading=\"lazy\" decoding=\"async\" width=\"1024\" height=\"894\" src=\"https:\/\/markimedia.fr\/wp-content\/uploads\/2024\/01\/logo.jpg\" alt=\"\" class=\"wp-image-272\" style=\"width:425px;height:auto\" srcset=\"https:\/\/markimedia.fr\/wp-content\/uploads\/2024\/01\/logo.jpg 1024w, https:\/\/markimedia.fr\/wp-content\/uploads\/2024\/01\/logo-300x262.jpg 300w, https:\/\/markimedia.fr\/wp-content\/uploads\/2024\/01\/logo-768x671.jpg 768w\" sizes=\"auto, (max-width: 1024px) 100vw, 1024px\" \/><\/figure>\n","protected":false},"excerpt":{"rendered":"<p>Marki M\u00e9dia, votre partenaire visuel Marki M\u00e9dia, entreprise fond\u00e9e en 1990, est une agence de communication situ\u00e9e \u00e0 Marseille. Nous intervenons essentiellement dans la r\u00e9gion PACA mais \u00e9galement dans toute la France. Entreprise fond\u00e9e par Jean-Luc Decottignies, photographe de m\u00e9tier, elle a connu une grande \u00e9volution au cours de ces derni\u00e8res ann\u00e9es. De studio photo [&hellip;]<\/p>\n","protected":false},"author":1,"featured_media":0,"parent":0,"menu_order":-1,"comment_status":"closed","ping_status":"closed","template":"","meta":{"footnotes":""},"class_list":["post-184","page","type-page","status-publish","hentry"],"_links":{"self":[{"href":"https:\/\/markimedia.fr\/index.php\/wp-json\/wp\/v2\/pages\/184","targetHints":{"allow":["GET"]}}],"collection":[{"href":"https:\/\/markimedia.fr\/index.php\/wp-json\/wp\/v2\/pages"}],"about":[{"href":"https:\/\/markimedia.fr\/index.php\/wp-json\/wp\/v2\/types\/page"}],"author":[{"embeddable":true,"href":"https:\/\/markimedia.fr\/index.php\/wp-json\/wp\/v2\/users\/1"}],"replies":[{"embeddable":true,"href":"https:\/\/markimedia.fr\/index.php\/wp-json\/wp\/v2\/comments?post=184"}],"version-history":[{"count":4,"href":"https:\/\/markimedia.fr\/index.php\/wp-json\/wp\/v2\/pages\/184\/revisions"}],"predecessor-version":[{"id":273,"href":"https:\/\/markimedia.fr\/index.php\/wp-json\/wp\/v2\/pages\/184\/revisions\/273"}],"wp:attachment":[{"href":"https:\/\/markimedia.fr\/index.php\/wp-json\/wp\/v2\/media?parent=184"}],"curies":[{"name":"wp","href":"https:\/\/api.w.org\/{rel}","templated":true}]}}